{"id":1539,"date":"2024-02-16T15:00:09","date_gmt":"2024-02-16T14:00:09","guid":{"rendered":"https:\/\/dynidea.com\/?page_id=1539"},"modified":"2024-03-18T10:44:18","modified_gmt":"2024-03-18T09:44:18","slug":"a-propos","status":"publish","type":"page","link":"https:\/\/dynidea.com\/index.php\/a-propos\/","title":{"rendered":"A propos"},"content":{"rendered":"\n<p style=\"font-size:16px\">Un Serious Game (ou jeu s\u00e9rieux) est une m\u00e9thode qui <strong>allie jeu et apprentissage<\/strong>. Son objectif peut \u00eatre multiple: p\u00e9dagogique, informatif, d\u2019engagement, de coh\u00e9sion\u2026 Il est souvent interactif. Ils peuvent simuler des sc\u00e9narios r\u00e9els ou fictifs, permettant aux joueurs de pratiquer des comp\u00e9tences sp\u00e9cifiques, de r\u00e9soudre des probl\u00e8mes complexes ou de prendre des d\u00e9cisions \u00e9clair\u00e9es. Les jeux s\u00e9rieux combinent souvent des m\u00e9canismes de jeu traditionnels tels que les <strong>d\u00e9fis, les r\u00e9compenses et les niveaux avec des contenus p\u00e9dagogiques ou informatifs. <\/strong>Cela les rend \u00e0 la fois divertissants et \u00e9ducatifs, offrant aux joueurs une exp\u00e9rience interactive et immersive, et renforce leur capacit\u00e9 \u00e0 appliquer ces connaissances dans des situations r\u00e9elles.<\/p>\n\n\n\n<h3 class=\"wp-block-heading has-text-align-center has-medium-font-size\" id=\"block-d8bb865a-5b59-42e0-8cda-010a369cf3e1\"><strong>Une nouvelle forme de Serious Game : Le Coachytraining<\/strong><\/h3>\n\n\n<div class=\"wp-block-image\">\n<figure class=\"aligncenter size-medium is-resized\"><img loading=\"lazy\" decoding=\"async\" width=\"300\" height=\"251\" src=\"https:\/\/dynidea.com\/wp-content\/uploads\/2024\/02\/coachy-training-2-300x251.jpg\" alt=\"\" class=\"wp-image-1597\" style=\"width:384px;height:auto\" srcset=\"https:\/\/dynidea.com\/wp-content\/uploads\/2024\/02\/coachy-training-2-300x251.jpg 300w, https:\/\/dynidea.com\/wp-content\/uploads\/2024\/02\/coachy-training-2.jpg 765w\" sizes=\"auto, (max-width: 300px) 100vw, 300px\" \/><\/figure>\n<\/div>\n\n\n<p id=\"block-ae9c600f-77fa-48e0-be8a-79b905aadca0\" style=\"font-size:16px\">Nous avons mis au point une m\u00e9thode&nbsp;<strong>ludique&nbsp;<\/strong>qui permet d\u2019instaurer des routines p\u00e9dagogiques aux joueurs. La ludification des parcours se fait par l\u2019attribution de taches simples et quotidiennes. Entre deux s\u00e9ances de coaching ou de formation, des challenges journaliers tr\u00e8s courts sont soumis aux participants. La r\u00e9ussite de ces t\u00e2ches permet de <strong>d\u00e9bloquer des niveaux et d\u2019\u00e9voluer dans le jeu<\/strong>. L\u2019\u00e9tablissement des routines permet un&nbsp;<strong>ancrage&nbsp;<\/strong>plus important des apprentissages. Les comp\u00e9tences acquises lors de la formation th\u00e9orique prennent ainsi tout leur sens. Leur application est accompagn\u00e9e dans le monde r\u00e9el et devient plus facilement un automatisme.<\/p>\n\n\n\n<p id=\"block-f3dc4593-49e3-4484-8672-e642c9c79a62\" style=\"font-size:16px\">Cette m\u00e9thode est appliqu\u00e9e \u00e0 des domaines comme&nbsp;<strong>la communication, l\u2019\u00e9coute active, la gestion du stress, la structuration d\u2019\u00e9quipe ou la cr\u00e9ativit\u00e9\u2026<\/strong><\/p>\n\n\n\n<p id=\"block-7c6e196c-8a6a-42d6-98f1-6f76dc415f0a\" style=\"font-size:16px\">Gr\u00e2ce \u00e0 notre approche novatrice, nous permettons aux apprenants de d\u00e9velopper leurs comp\u00e9tences de mani\u00e8re engageante et interactive. Les serious games sont con\u00e7us pour stimuler l\u2019apprentissage et motiver les participants \u00e0 relever des d\u00e9fis quotidiens. Ces d\u00e9fis, de courte dur\u00e9e, sont sp\u00e9cialement con\u00e7us pour \u00eatre int\u00e9gr\u00e9s facilement dans la vie de tous les jours, afin que les participants puissent les relever m\u00eame lorsqu\u2019ils ont peu de temps.<\/p>\n\n\n\n<p id=\"block-dd7324ae-d30c-4192-b0c2-4c4d42c82986\" style=\"font-size:16px\">En adoptant cette approche, nous avons constat\u00e9 une am\u00e9lioration significative de l\u2019<strong>engagement des participants<\/strong> et de l\u2019efficacit\u00e9 des formations. Les serious games offrent une alternative dynamique et stimulante aux m\u00e9thodes traditionnelles de formation, en les adaptant au rythme de vie actuel.<\/p>\n","protected":false},"excerpt":{"rendered":"<p>Un Serious Game (ou jeu s\u00e9rieux) est une m\u00e9thode qui allie jeu et apprentissage. Son objectif peut \u00eatre multiple: p\u00e9dagogique, informatif, d\u2019engagement, de coh\u00e9sion\u2026 Il est souvent interactif. Ils peuvent &#8230;<\/p>\n","protected":false},"author":1,"featured_media":0,"parent":0,"menu_order":0,"comment_status":"closed","ping_status":"closed","template":"template-fullwidth.php","meta":{"footnotes":""},"class_list":["post-1539","page","type-page","status-publish","hentry"],"yoast_head":"<!-- This site is optimized with the Yoast SEO plugin v27.3 - https:\/\/yoast.com\/product\/yoast-seo-wordpress\/ -->\n<title>A propos - Dynidea<\/title>\n<meta name=\"robots\" content=\"index, follow, max-snippet:-1, max-image-preview:large, max-video-preview:-1\" \/>\n<link rel=\"canonical\" href=\"https:\/\/dynidea.com\/index.php\/a-propos\/\" \/>\n<meta property=\"og:locale\" content=\"fr_FR\" \/>\n<meta property=\"og:type\" content=\"article\" \/>\n<meta property=\"og:title\" content=\"A propos - Dynidea\" \/>\n<meta property=\"og:description\" content=\"Un Serious Game (ou jeu s\u00e9rieux) est une m\u00e9thode qui allie jeu et apprentissage. Son objectif peut \u00eatre multiple: p\u00e9dagogique, informatif, d\u2019engagement, de coh\u00e9sion\u2026 Il est souvent interactif. Ils peuvent ...\" \/>\n<meta property=\"og:url\" content=\"https:\/\/dynidea.com\/index.php\/a-propos\/\" \/>\n<meta property=\"og:site_name\" content=\"Dynidea\" \/>\n<meta property=\"article:modified_time\" content=\"2024-03-18T09:44:18+00:00\" \/>\n<meta property=\"og:image\" content=\"https:\/\/dynidea.com\/wp-content\/uploads\/2024\/02\/coachy-training-2-300x251.jpg\" \/>\n<meta name=\"twitter:card\" content=\"summary_large_image\" \/>\n<meta name=\"twitter:label1\" content=\"Dur\u00e9e de lecture estim\u00e9e\" \/>\n\t<meta name=\"twitter:data1\" content=\"2 minutes\" \/>\n<script type=\"application\/ld+json\" class=\"yoast-schema-graph\">{\"@context\":\"https:\\\/\\\/schema.org\",\"@graph\":[{\"@type\":\"WebPage\",\"@id\":\"https:\\\/\\\/dynidea.com\\\/index.php\\\/a-propos\\\/\",\"url\":\"https:\\\/\\\/dynidea.com\\\/index.php\\\/a-propos\\\/\",\"name\":\"A propos - Dynidea\",\"isPartOf\":{\"@id\":\"https:\\\/\\\/dynidea.com\\\/#website\"},\"primaryImageOfPage\":{\"@id\":\"https:\\\/\\\/dynidea.com\\\/index.php\\\/a-propos\\\/#primaryimage\"},\"image\":{\"@id\":\"https:\\\/\\\/dynidea.com\\\/index.php\\\/a-propos\\\/#primaryimage\"},\"thumbnailUrl\":\"https:\\\/\\\/dynidea.com\\\/wp-content\\\/uploads\\\/2024\\\/02\\\/coachy-training-2-300x251.jpg\",\"datePublished\":\"2024-02-16T14:00:09+00:00\",\"dateModified\":\"2024-03-18T09:44:18+00:00\",\"breadcrumb\":{\"@id\":\"https:\\\/\\\/dynidea.com\\\/index.php\\\/a-propos\\\/#breadcrumb\"},\"inLanguage\":\"fr-FR\",\"potentialAction\":[{\"@type\":\"ReadAction\",\"target\":[\"https:\\\/\\\/dynidea.com\\\/index.php\\\/a-propos\\\/\"]}]},{\"@type\":\"ImageObject\",\"inLanguage\":\"fr-FR\",\"@id\":\"https:\\\/\\\/dynidea.com\\\/index.php\\\/a-propos\\\/#primaryimage\",\"url\":\"https:\\\/\\\/dynidea.com\\\/wp-content\\\/uploads\\\/2024\\\/02\\\/coachy-training-2.jpg\",\"contentUrl\":\"https:\\\/\\\/dynidea.com\\\/wp-content\\\/uploads\\\/2024\\\/02\\\/coachy-training-2.jpg\",\"width\":765,\"height\":640},{\"@type\":\"BreadcrumbList\",\"@id\":\"https:\\\/\\\/dynidea.com\\\/index.php\\\/a-propos\\\/#breadcrumb\",\"itemListElement\":[{\"@type\":\"ListItem\",\"position\":1,\"name\":\"Accueil\",\"item\":\"https:\\\/\\\/dynidea.com\\\/\"},{\"@type\":\"ListItem\",\"position\":2,\"name\":\"A propos\"}]},{\"@type\":\"WebSite\",\"@id\":\"https:\\\/\\\/dynidea.com\\\/#website\",\"url\":\"https:\\\/\\\/dynidea.com\\\/\",\"name\":\"Dynidea\",\"description\":\"Une nouvelle forme de Serious Game : le Coachytraining\",\"publisher\":{\"@id\":\"https:\\\/\\\/dynidea.com\\\/#organization\"},\"potentialAction\":[{\"@type\":\"SearchAction\",\"target\":{\"@type\":\"EntryPoint\",\"urlTemplate\":\"https:\\\/\\\/dynidea.com\\\/?s={search_term_string}\"},\"query-input\":{\"@type\":\"PropertyValueSpecification\",\"valueRequired\":true,\"valueName\":\"search_term_string\"}}],\"inLanguage\":\"fr-FR\"},{\"@type\":\"Organization\",\"@id\":\"https:\\\/\\\/dynidea.com\\\/#organization\",\"name\":\"Dynidea\",\"url\":\"https:\\\/\\\/dynidea.com\\\/\",\"logo\":{\"@type\":\"ImageObject\",\"inLanguage\":\"fr-FR\",\"@id\":\"https:\\\/\\\/dynidea.com\\\/#\\\/schema\\\/logo\\\/image\\\/\",\"url\":\"https:\\\/\\\/dynidea.com\\\/wp-content\\\/uploads\\\/2024\\\/02\\\/cropped-cropped-logo-ligne-petit.jpg\",\"contentUrl\":\"https:\\\/\\\/dynidea.com\\\/wp-content\\\/uploads\\\/2024\\\/02\\\/cropped-cropped-logo-ligne-petit.jpg\",\"width\":300,\"height\":100,\"caption\":\"Dynidea\"},\"image\":{\"@id\":\"https:\\\/\\\/dynidea.com\\\/#\\\/schema\\\/logo\\\/image\\\/\"},\"sameAs\":[\"https:\\\/\\\/www.linkedin.com\\\/showcase\\\/102633502\\\/admin\\\/feed\\\/posts\\\/?feedType=following\"]}]}<\/script>\n<!-- \/ Yoast SEO plugin. -->","yoast_head_json":{"title":"A propos - Dynidea","robots":{"index":"index","follow":"follow","max-snippet":"max-snippet:-1","max-image-preview":"max-image-preview:large","max-video-preview":"max-video-preview:-1"},"canonical":"https:\/\/dynidea.com\/index.php\/a-propos\/","og_locale":"fr_FR","og_type":"article","og_title":"A propos - Dynidea","og_description":"Un Serious Game (ou jeu s\u00e9rieux) est une m\u00e9thode qui allie jeu et apprentissage. Son objectif peut \u00eatre multiple: p\u00e9dagogique, informatif, d\u2019engagement, de coh\u00e9sion\u2026 Il est souvent interactif. Ils peuvent ...","og_url":"https:\/\/dynidea.com\/index.php\/a-propos\/","og_site_name":"Dynidea","article_modified_time":"2024-03-18T09:44:18+00:00","og_image":[{"url":"https:\/\/dynidea.com\/wp-content\/uploads\/2024\/02\/coachy-training-2-300x251.jpg","type":"","width":"","height":""}],"twitter_card":"summary_large_image","twitter_misc":{"Dur\u00e9e de lecture estim\u00e9e":"2 minutes"},"schema":{"@context":"https:\/\/schema.org","@graph":[{"@type":"WebPage","@id":"https:\/\/dynidea.com\/index.php\/a-propos\/","url":"https:\/\/dynidea.com\/index.php\/a-propos\/","name":"A propos - Dynidea","isPartOf":{"@id":"https:\/\/dynidea.com\/#website"},"primaryImageOfPage":{"@id":"https:\/\/dynidea.com\/index.php\/a-propos\/#primaryimage"},"image":{"@id":"https:\/\/dynidea.com\/index.php\/a-propos\/#primaryimage"},"thumbnailUrl":"https:\/\/dynidea.com\/wp-content\/uploads\/2024\/02\/coachy-training-2-300x251.jpg","datePublished":"2024-02-16T14:00:09+00:00","dateModified":"2024-03-18T09:44:18+00:00","breadcrumb":{"@id":"https:\/\/dynidea.com\/index.php\/a-propos\/#breadcrumb"},"inLanguage":"fr-FR","potentialAction":[{"@type":"ReadAction","target":["https:\/\/dynidea.com\/index.php\/a-propos\/"]}]},{"@type":"ImageObject","inLanguage":"fr-FR","@id":"https:\/\/dynidea.com\/index.php\/a-propos\/#primaryimage","url":"https:\/\/dynidea.com\/wp-content\/uploads\/2024\/02\/coachy-training-2.jpg","contentUrl":"https:\/\/dynidea.com\/wp-content\/uploads\/2024\/02\/coachy-training-2.jpg","width":765,"height":640},{"@type":"BreadcrumbList","@id":"https:\/\/dynidea.com\/index.php\/a-propos\/#breadcrumb","itemListElement":[{"@type":"ListItem","position":1,"name":"Accueil","item":"https:\/\/dynidea.com\/"},{"@type":"ListItem","position":2,"name":"A propos"}]},{"@type":"WebSite","@id":"https:\/\/dynidea.com\/#website","url":"https:\/\/dynidea.com\/","name":"Dynidea","description":"Une nouvelle forme de Serious Game : le Coachytraining","publisher":{"@id":"https:\/\/dynidea.com\/#organization"},"potentialAction":[{"@type":"SearchAction","target":{"@type":"EntryPoint","urlTemplate":"https:\/\/dynidea.com\/?s={search_term_string}"},"query-input":{"@type":"PropertyValueSpecification","valueRequired":true,"valueName":"search_term_string"}}],"inLanguage":"fr-FR"},{"@type":"Organization","@id":"https:\/\/dynidea.com\/#organization","name":"Dynidea","url":"https:\/\/dynidea.com\/","logo":{"@type":"ImageObject","inLanguage":"fr-FR","@id":"https:\/\/dynidea.com\/#\/schema\/logo\/image\/","url":"https:\/\/dynidea.com\/wp-content\/uploads\/2024\/02\/cropped-cropped-logo-ligne-petit.jpg","contentUrl":"https:\/\/dynidea.com\/wp-content\/uploads\/2024\/02\/cropped-cropped-logo-ligne-petit.jpg","width":300,"height":100,"caption":"Dynidea"},"image":{"@id":"https:\/\/dynidea.com\/#\/schema\/logo\/image\/"},"sameAs":["https:\/\/www.linkedin.com\/showcase\/102633502\/admin\/feed\/posts\/?feedType=following"]}]}},"_links":{"self":[{"href":"https:\/\/dynidea.com\/index.php\/wp-json\/wp\/v2\/pages\/1539","targetHints":{"allow":["GET"]}}],"collection":[{"href":"https:\/\/dynidea.com\/index.php\/wp-json\/wp\/v2\/pages"}],"about":[{"href":"https:\/\/dynidea.com\/index.php\/wp-json\/wp\/v2\/types\/page"}],"author":[{"embeddable":true,"href":"https:\/\/dynidea.com\/index.php\/wp-json\/wp\/v2\/users\/1"}],"replies":[{"embeddable":true,"href":"https:\/\/dynidea.com\/index.php\/wp-json\/wp\/v2\/comments?post=1539"}],"version-history":[{"count":7,"href":"https:\/\/dynidea.com\/index.php\/wp-json\/wp\/v2\/pages\/1539\/revisions"}],"predecessor-version":[{"id":1630,"href":"https:\/\/dynidea.com\/index.php\/wp-json\/wp\/v2\/pages\/1539\/revisions\/1630"}],"wp:attachment":[{"href":"https:\/\/dynidea.com\/index.php\/wp-json\/wp\/v2\/media?parent=1539"}],"curies":[{"name":"wp","href":"https:\/\/api.w.org\/{rel}","templated":true}]}}