{"id":1501,"date":"2024-02-12T16:25:29","date_gmt":"2024-02-12T15:25:29","guid":{"rendered":"https:\/\/dynidea.com\/?page_id=1501"},"modified":"2024-05-31T18:02:08","modified_gmt":"2024-05-31T16:02:08","slug":"re-enchantement","status":"publish","type":"page","link":"https:\/\/dynidea.com\/index.php\/re-enchantement\/","title":{"rendered":"R\u00e9-enchantement"},"content":{"rendered":"\n<p class=\"has-medium-font-size\"><\/p>\n\n\n\n<p style=\"font-size:16px\">Dans un monde de plus en plus anxiog\u00e8ne, ce Jeu S\u00e9rieux (Serious game) a pour objectif de\u00a0<strong>r\u00e9enchanter le quotidien<\/strong>\u00a0en accompagnant le participant dans une red\u00e9couverte des joies et beaut\u00e9s de son univers.<\/p>\n\n\n\n<p class=\"has-text-align-center has-text-color has-link-color wp-elements-8e753337bee85200c6c54ffcdf34cf5c\" style=\"color:#ef0249;font-size:16px\"><strong>L&rsquo;objectif est de redonner du sens, de la magie ou de la spiritualit\u00e9 \u00e0 la vie quotidienne.<\/strong><\/p>\n\n\n\n<p style=\"font-size:16px\">Le manque de sens est un \u00e9l\u00e9ment constitutif du taux de <strong>turnover actuel<\/strong>, en particulier chez les plus jeunes. La g\u00e9n\u00e9ration pr\u00e9c\u00e9dente avait v\u00e9cu dans un monde d&rsquo;espoir, o\u00f9 le progr\u00e8s restait moteur, et l&rsquo;universalit\u00e9 \u00e9tait un but accessible. <br>Le monde d&rsquo;aujourd&rsquo;hui peu paraitre avoir perdu ces atouts, m\u00eame si, d&rsquo;apr\u00e8s <a href=\"https:\/\/fr.wikipedia.org\/wiki\/Yuval_Noah_Harari\"><strong>Yuval Noah HARARI<\/strong><\/a> dans<a href=\"https:\/\/fr.wikipedia.org\/wiki\/Sapiens_:_Une_br%C3%A8ve_histoire_de_l%27humanit%C3%A9\"> <\/a><strong><a href=\"https:\/\/fr.wikipedia.org\/wiki\/Sapiens_:_Une_br%C3%A8ve_histoire_de_l%27humanit%C3%A9\">\u00ab\u00a0Sapiens : Une br\u00e8ve histoire de l&rsquo;humanit\u00e9\u00a0\u00bb <\/a> <\/strong>les anciens indicateurs de la qualit\u00e9 de vie (esp\u00e9rance de vie en bonne sant\u00e9, s\u00e9curit\u00e9, &#8230;) n&rsquo;ont jamais \u00e9t\u00e9 aussi haut.<\/p>\n\n\n\n<p class=\"has-text-align-center has-white-color has-text-color has-background has-link-color has-medium-font-size wp-elements-c696fe49e614dacdffcac58a545f1627\" style=\"background-color:#ef0249\">A l&rsquo;oppos\u00e9 d&rsquo;un stage de d\u00e9veloppement personnel, il propose au joueur<br>de se r\u00e9int\u00e9grer dans \u00ab\u00a0<strong>ce qui fait soci\u00e9t\u00e9<\/strong>\u00a0\u00bb et d&rsquo;<strong>y trouver sa place<\/strong>.<\/p>\n\n\n<div class=\"wp-block-image\">\n<figure data-wp-context=\"{&quot;imageId&quot;:&quot;69e1465636387&quot;}\" data-wp-interactive=\"core\/image\" data-wp-key=\"69e1465636387\" class=\"aligncenter size-full wp-lightbox-container\"><img loading=\"lazy\" decoding=\"async\" width=\"1567\" height=\"497\" data-wp-class--hide=\"state.isContentHidden\" data-wp-class--show=\"state.isContentVisible\" data-wp-init=\"callbacks.setButtonStyles\" data-wp-on--click=\"actions.showLightbox\" data-wp-on--load=\"callbacks.setButtonStyles\" data-wp-on-window--resize=\"callbacks.setButtonStyles\" src=\"https:\/\/dynidea.com\/wp-content\/uploads\/2024\/02\/mindmap-reenchantement.png\" alt=\"Mindmap r\u00e9enchantement\" class=\"wp-image-1560\" srcset=\"https:\/\/dynidea.com\/wp-content\/uploads\/2024\/02\/mindmap-reenchantement.png 1567w, https:\/\/dynidea.com\/wp-content\/uploads\/2024\/02\/mindmap-reenchantement-300x95.png 300w, https:\/\/dynidea.com\/wp-content\/uploads\/2024\/02\/mindmap-reenchantement-1024x325.png 1024w, https:\/\/dynidea.com\/wp-content\/uploads\/2024\/02\/mindmap-reenchantement-768x244.png 768w, https:\/\/dynidea.com\/wp-content\/uploads\/2024\/02\/mindmap-reenchantement-1536x487.png 1536w\" sizes=\"auto, (max-width: 1567px) 100vw, 1567px\" \/><button\n\t\t\tclass=\"lightbox-trigger\"\n\t\t\ttype=\"button\"\n\t\t\taria-haspopup=\"dialog\"\n\t\t\taria-label=\"Agrandir\"\n\t\t\tdata-wp-init=\"callbacks.initTriggerButton\"\n\t\t\tdata-wp-on--click=\"actions.showLightbox\"\n\t\t\tdata-wp-style--right=\"state.imageButtonRight\"\n\t\t\tdata-wp-style--top=\"state.imageButtonTop\"\n\t\t>\n\t\t\t<svg xmlns=\"http:\/\/www.w3.org\/2000\/svg\" width=\"12\" height=\"12\" fill=\"none\" viewBox=\"0 0 12 12\">\n\t\t\t\t<path fill=\"#fff\" d=\"M2 0a2 2 0 0 0-2 2v2h1.5V2a.5.5 0 0 1 .5-.5h2V0H2Zm2 10.5H2a.5.5 0 0 1-.5-.5V8H0v2a2 2 0 0 0 2 2h2v-1.5ZM8 12v-1.5h2a.5.5 0 0 0 .5-.5V8H12v2a2 2 0 0 1-2 2H8Zm2-12a2 2 0 0 1 2 2v2h-1.5V2a.5.5 0 0 0-.5-.5H8V0h2Z\" \/>\n\t\t\t<\/svg>\n\t\t<\/button><\/figure>\n<\/div>\n\n\n<p style=\"font-size:16px\">Ce jeu s\u00e9rieux, propose au joueur de red\u00e9couvrir les principes de<strong> <a href=\"https:\/\/www.universalis.fr\/encyclopedie\/bien-philosophie\/6-la-vie-bonne\/#:~:text=La%20vie%20bonne%20est%20un,talents%20ou%20encore%20des%20perfections.\">\u00ab\u00a0La vie bonne\u00a0\u00bb<\/a> <\/strong>d\u00e9crite en philosophie. <br>Par une <strong>mise en situation, des challenges journaliers ou hebdomadaires<\/strong>, le joueur va entreprendre un parcours de red\u00e9couverte des vertus du monde, en retrouver les <a href=\"https:\/\/raisonance-conseil.com\/index.php\/resonance\/\"><strong>r\u00e9sonnances<\/strong><\/a>, pour re-jouir de la vie dans ses diff\u00e9rentes dimensions.<br><\/p>\n\n\n\n<h3 class=\"wp-block-heading has-text-color has-link-color wp-elements-9e802fb86aab920176d8a5a04568b289\" style=\"color:#6b6969\"><br><strong>D\u00e9tails du parcours :<\/strong><\/h3>\n\n\n\n<figure class=\"wp-block-image size-full\"><img loading=\"lazy\" decoding=\"async\" width=\"965\" height=\"599\" src=\"https:\/\/dynidea.com\/wp-content\/uploads\/2024\/04\/parcours-reenchantement.png\" alt=\"\" class=\"wp-image-1646\" srcset=\"https:\/\/dynidea.com\/wp-content\/uploads\/2024\/04\/parcours-reenchantement.png 965w, https:\/\/dynidea.com\/wp-content\/uploads\/2024\/04\/parcours-reenchantement-300x186.png 300w, https:\/\/dynidea.com\/wp-content\/uploads\/2024\/04\/parcours-reenchantement-768x477.png 768w\" sizes=\"auto, (max-width: 965px) 100vw, 965px\" \/><\/figure>\n\n\n\n<p><\/p>\n\n\n\n<p class=\"has-text-align-center has-medium-font-size\"><a href=\"https:\/\/dynidea.com\/index.php\/contact\/\"><strong>N\u2019h\u00e9sitez pas \u00e0 nous contacter pour en savoir plus sur<\/strong><br><strong>nos m\u00e9thodes de formation innovantes et personnalis\u00e9es<\/strong><\/a><\/p>\n\n\n<div class=\"wpforms-container wpforms-container-full wpforms-block wpforms-block-7330855d-5ede-4afe-b58b-7dd70c275024 wpforms-render-modern\" id=\"wpforms-1431\"><form id=\"wpforms-form-1431\" class=\"wpforms-validate wpforms-form\" data-formid=\"1431\" method=\"post\" enctype=\"multipart\/form-data\" action=\"\/index.php\/wp-json\/wp\/v2\/pages\/1501\" data-token=\"9987199d9a124e0c28d6aca1fae6b864\" data-token-time=\"1776371286\"><noscript class=\"wpforms-error-noscript\">Veuillez activer JavaScript dans votre navigateur pour remplir ce formulaire.<\/noscript><div id=\"wpforms-error-noscript\" style=\"display: none;\">Veuillez activer JavaScript dans votre navigateur pour remplir ce formulaire.<\/div><div class=\"wpforms-field-container\"><div id=\"wpforms-1431-field_0-container\" class=\"wpforms-field wpforms-field-name\" data-field-id=\"0\"><fieldset><legend class=\"wpforms-field-label\">Nom <span class=\"wpforms-required-label\" aria-hidden=\"true\">*<\/span><\/legend><div class=\"wpforms-field-row wpforms-field-medium\"><div class=\"wpforms-field-row-block wpforms-first wpforms-one-half\"><input type=\"text\" id=\"wpforms-1431-field_0\" class=\"wpforms-field-name-first wpforms-field-required\" name=\"wpforms[fields][0][first]\" aria-errormessage=\"wpforms-1431-field_0-error\" required><label for=\"wpforms-1431-field_0\" class=\"wpforms-field-sublabel after\">Pr\u00e9nom<\/label><\/div><div class=\"wpforms-field-row-block wpforms-one-half\"><input type=\"text\" id=\"wpforms-1431-field_0-last\" class=\"wpforms-field-name-last wpforms-field-required\" name=\"wpforms[fields][0][last]\" aria-errormessage=\"wpforms-1431-field_0-last-error\" required><label for=\"wpforms-1431-field_0-last\" class=\"wpforms-field-sublabel after\">Nom<\/label><\/div><\/div><\/fieldset><\/div>\t\t<div id=\"wpforms-1431-field_3-container\"\n\t\t\tclass=\"wpforms-field wpforms-field-text\"\n\t\t\tdata-field-type=\"text\"\n\t\t\tdata-field-id=\"3\"\n\t\t\t>\n\t\t\t<label class=\"wpforms-field-label\" for=\"wpforms-1431-field_3\" >E-mail Nom Message<\/label>\n\t\t\t<input type=\"text\" id=\"wpforms-1431-field_3\" class=\"wpforms-field-medium\" name=\"wpforms[fields][3]\" >\n\t\t<\/div>\n\t\t<div id=\"wpforms-1431-field_1-container\" class=\"wpforms-field wpforms-field-email\" data-field-id=\"1\"><label class=\"wpforms-field-label\" for=\"wpforms-1431-field_1\">E-mail <span class=\"wpforms-required-label\" aria-hidden=\"true\">*<\/span><\/label><input type=\"email\" id=\"wpforms-1431-field_1\" class=\"wpforms-field-medium wpforms-field-required\" name=\"wpforms[fields][1]\" spellcheck=\"false\" aria-errormessage=\"wpforms-1431-field_1-error\" required><\/div><div id=\"wpforms-1431-field_2-container\" class=\"wpforms-field wpforms-field-textarea\" data-field-id=\"2\"><label class=\"wpforms-field-label\" for=\"wpforms-1431-field_2\">Message<\/label><textarea id=\"wpforms-1431-field_2\" class=\"wpforms-field-medium\" name=\"wpforms[fields][2]\" aria-errormessage=\"wpforms-1431-field_2-error\" ><\/textarea><\/div><script>\n\t\t\t\t( function() {\n\t\t\t\t\tconst style = document.createElement( 'style' );\n\t\t\t\t\tstyle.appendChild( document.createTextNode( '#wpforms-1431-field_3-container { position: absolute !important; overflow: hidden !important; display: inline !important; height: 1px !important; width: 1px !important; z-index: -1000 !important; padding: 0 !important; } #wpforms-1431-field_3-container input { visibility: hidden; } #wpforms-conversational-form-page #wpforms-1431-field_3-container label { counter-increment: none; }' ) );\n\t\t\t\t\tdocument.head.appendChild( style );\n\t\t\t\t\tdocument.currentScript?.remove();\n\t\t\t\t} )();\n\t\t\t<\/script><\/div><!-- .wpforms-field-container --><div class=\"wpforms-recaptcha-container wpforms-is-recaptcha wpforms-is-recaptcha-type-v2\" ><div class=\"g-recaptcha\" data-sitekey=\"6LelY9wpAAAAAPgU7U4MI3gSGkdab4_ZPZe4WvlG\"><\/div><input type=\"text\" name=\"g-recaptcha-hidden\" class=\"wpforms-recaptcha-hidden\" style=\"position:absolute!important;clip:rect(0,0,0,0)!important;height:1px!important;width:1px!important;border:0!important;overflow:hidden!important;padding:0!important;margin:0!important;\" data-rule-recaptcha=\"1\"><\/div><div class=\"wpforms-submit-container\" ><input type=\"hidden\" name=\"wpforms[id]\" value=\"1431\"><input type=\"hidden\" name=\"page_title\" value=\"\"><input type=\"hidden\" name=\"page_url\" value=\"https:\/\/dynidea.com\/index.php\/wp-json\/wp\/v2\/pages\/1501\"><input type=\"hidden\" name=\"url_referer\" value=\"\"><button type=\"submit\" name=\"wpforms[submit]\" id=\"wpforms-submit-1431\" class=\"wpforms-submit\" aria-live=\"assertive\" value=\"wpforms-submit\">Envoyer<\/button><\/div><\/form><\/div>  <!-- .wpforms-container -->","protected":false},"excerpt":{"rendered":"<p>Dans un monde de plus en plus anxiog\u00e8ne, ce Jeu S\u00e9rieux (Serious game) a pour objectif de\u00a0r\u00e9enchanter le quotidien\u00a0en accompagnant le participant dans une red\u00e9couverte des joies et beaut\u00e9s de &#8230;<\/p>\n","protected":false},"author":1,"featured_media":0,"parent":0,"menu_order":0,"comment_status":"closed","ping_status":"closed","template":"template-fullwidth.php","meta":{"footnotes":""},"class_list":["post-1501","page","type-page","status-publish","hentry"],"yoast_head":"<!-- This site is optimized with the Yoast SEO plugin v27.4 - https:\/\/yoast.com\/product\/yoast-seo-wordpress\/ -->\n<title>R\u00e9-enchantement - Dynidea<\/title>\n<meta name=\"robots\" content=\"index, follow, max-snippet:-1, max-image-preview:large, max-video-preview:-1\" \/>\n<link rel=\"canonical\" href=\"https:\/\/dynidea.com\/index.php\/re-enchantement\/\" \/>\n<meta property=\"og:locale\" content=\"fr_FR\" \/>\n<meta property=\"og:type\" content=\"article\" \/>\n<meta property=\"og:title\" content=\"R\u00e9-enchantement - Dynidea\" \/>\n<meta property=\"og:description\" content=\"Dans un monde de plus en plus anxiog\u00e8ne, ce Jeu S\u00e9rieux (Serious game) a pour objectif de\u00a0r\u00e9enchanter le quotidien\u00a0en accompagnant le participant dans une red\u00e9couverte des joies et beaut\u00e9s de ...\" \/>\n<meta property=\"og:url\" content=\"https:\/\/dynidea.com\/index.php\/re-enchantement\/\" \/>\n<meta property=\"og:site_name\" content=\"Dynidea\" \/>\n<meta property=\"article:modified_time\" content=\"2024-05-31T16:02:08+00:00\" \/>\n<meta property=\"og:image\" content=\"https:\/\/dynidea.com\/wp-content\/uploads\/2024\/02\/mindmap-reenchantement.png\" \/>\n<meta name=\"twitter:card\" content=\"summary_large_image\" \/>\n<meta name=\"twitter:label1\" content=\"Dur\u00e9e de lecture estim\u00e9e\" \/>\n\t<meta name=\"twitter:data1\" content=\"2 minutes\" \/>\n<script type=\"application\/ld+json\" class=\"yoast-schema-graph\">{\"@context\":\"https:\\\/\\\/schema.org\",\"@graph\":[{\"@type\":\"WebPage\",\"@id\":\"https:\\\/\\\/dynidea.com\\\/index.php\\\/re-enchantement\\\/\",\"url\":\"https:\\\/\\\/dynidea.com\\\/index.php\\\/re-enchantement\\\/\",\"name\":\"R\u00e9-enchantement - Dynidea\",\"isPartOf\":{\"@id\":\"https:\\\/\\\/dynidea.com\\\/#website\"},\"primaryImageOfPage\":{\"@id\":\"https:\\\/\\\/dynidea.com\\\/index.php\\\/re-enchantement\\\/#primaryimage\"},\"image\":{\"@id\":\"https:\\\/\\\/dynidea.com\\\/index.php\\\/re-enchantement\\\/#primaryimage\"},\"thumbnailUrl\":\"https:\\\/\\\/dynidea.com\\\/wp-content\\\/uploads\\\/2024\\\/02\\\/mindmap-reenchantement.png\",\"datePublished\":\"2024-02-12T15:25:29+00:00\",\"dateModified\":\"2024-05-31T16:02:08+00:00\",\"breadcrumb\":{\"@id\":\"https:\\\/\\\/dynidea.com\\\/index.php\\\/re-enchantement\\\/#breadcrumb\"},\"inLanguage\":\"fr-FR\",\"potentialAction\":[{\"@type\":\"ReadAction\",\"target\":[\"https:\\\/\\\/dynidea.com\\\/index.php\\\/re-enchantement\\\/\"]}]},{\"@type\":\"ImageObject\",\"inLanguage\":\"fr-FR\",\"@id\":\"https:\\\/\\\/dynidea.com\\\/index.php\\\/re-enchantement\\\/#primaryimage\",\"url\":\"https:\\\/\\\/dynidea.com\\\/wp-content\\\/uploads\\\/2024\\\/02\\\/mindmap-reenchantement.png\",\"contentUrl\":\"https:\\\/\\\/dynidea.com\\\/wp-content\\\/uploads\\\/2024\\\/02\\\/mindmap-reenchantement.png\",\"width\":1567,\"height\":497},{\"@type\":\"BreadcrumbList\",\"@id\":\"https:\\\/\\\/dynidea.com\\\/index.php\\\/re-enchantement\\\/#breadcrumb\",\"itemListElement\":[{\"@type\":\"ListItem\",\"position\":1,\"name\":\"Accueil\",\"item\":\"https:\\\/\\\/dynidea.com\\\/\"},{\"@type\":\"ListItem\",\"position\":2,\"name\":\"R\u00e9-enchantement\"}]},{\"@type\":\"WebSite\",\"@id\":\"https:\\\/\\\/dynidea.com\\\/#website\",\"url\":\"https:\\\/\\\/dynidea.com\\\/\",\"name\":\"Dynidea\",\"description\":\"Une nouvelle forme de Serious Game : le Coachytraining\",\"publisher\":{\"@id\":\"https:\\\/\\\/dynidea.com\\\/#organization\"},\"potentialAction\":[{\"@type\":\"SearchAction\",\"target\":{\"@type\":\"EntryPoint\",\"urlTemplate\":\"https:\\\/\\\/dynidea.com\\\/?s={search_term_string}\"},\"query-input\":{\"@type\":\"PropertyValueSpecification\",\"valueRequired\":true,\"valueName\":\"search_term_string\"}}],\"inLanguage\":\"fr-FR\"},{\"@type\":\"Organization\",\"@id\":\"https:\\\/\\\/dynidea.com\\\/#organization\",\"name\":\"Dynidea\",\"url\":\"https:\\\/\\\/dynidea.com\\\/\",\"logo\":{\"@type\":\"ImageObject\",\"inLanguage\":\"fr-FR\",\"@id\":\"https:\\\/\\\/dynidea.com\\\/#\\\/schema\\\/logo\\\/image\\\/\",\"url\":\"https:\\\/\\\/dynidea.com\\\/wp-content\\\/uploads\\\/2024\\\/02\\\/cropped-cropped-logo-ligne-petit.jpg\",\"contentUrl\":\"https:\\\/\\\/dynidea.com\\\/wp-content\\\/uploads\\\/2024\\\/02\\\/cropped-cropped-logo-ligne-petit.jpg\",\"width\":300,\"height\":100,\"caption\":\"Dynidea\"},\"image\":{\"@id\":\"https:\\\/\\\/dynidea.com\\\/#\\\/schema\\\/logo\\\/image\\\/\"},\"sameAs\":[\"https:\\\/\\\/www.linkedin.com\\\/showcase\\\/102633502\\\/admin\\\/feed\\\/posts\\\/?feedType=following\"]}]}<\/script>\n<!-- \/ Yoast SEO plugin. -->","yoast_head_json":{"title":"R\u00e9-enchantement - Dynidea","robots":{"index":"index","follow":"follow","max-snippet":"max-snippet:-1","max-image-preview":"max-image-preview:large","max-video-preview":"max-video-preview:-1"},"canonical":"https:\/\/dynidea.com\/index.php\/re-enchantement\/","og_locale":"fr_FR","og_type":"article","og_title":"R\u00e9-enchantement - Dynidea","og_description":"Dans un monde de plus en plus anxiog\u00e8ne, ce Jeu S\u00e9rieux (Serious game) a pour objectif de\u00a0r\u00e9enchanter le quotidien\u00a0en accompagnant le participant dans une red\u00e9couverte des joies et beaut\u00e9s de ...","og_url":"https:\/\/dynidea.com\/index.php\/re-enchantement\/","og_site_name":"Dynidea","article_modified_time":"2024-05-31T16:02:08+00:00","og_image":[{"url":"https:\/\/dynidea.com\/wp-content\/uploads\/2024\/02\/mindmap-reenchantement.png","type":"","width":"","height":""}],"twitter_card":"summary_large_image","twitter_misc":{"Dur\u00e9e de lecture estim\u00e9e":"2 minutes"},"schema":{"@context":"https:\/\/schema.org","@graph":[{"@type":"WebPage","@id":"https:\/\/dynidea.com\/index.php\/re-enchantement\/","url":"https:\/\/dynidea.com\/index.php\/re-enchantement\/","name":"R\u00e9-enchantement - Dynidea","isPartOf":{"@id":"https:\/\/dynidea.com\/#website"},"primaryImageOfPage":{"@id":"https:\/\/dynidea.com\/index.php\/re-enchantement\/#primaryimage"},"image":{"@id":"https:\/\/dynidea.com\/index.php\/re-enchantement\/#primaryimage"},"thumbnailUrl":"https:\/\/dynidea.com\/wp-content\/uploads\/2024\/02\/mindmap-reenchantement.png","datePublished":"2024-02-12T15:25:29+00:00","dateModified":"2024-05-31T16:02:08+00:00","breadcrumb":{"@id":"https:\/\/dynidea.com\/index.php\/re-enchantement\/#breadcrumb"},"inLanguage":"fr-FR","potentialAction":[{"@type":"ReadAction","target":["https:\/\/dynidea.com\/index.php\/re-enchantement\/"]}]},{"@type":"ImageObject","inLanguage":"fr-FR","@id":"https:\/\/dynidea.com\/index.php\/re-enchantement\/#primaryimage","url":"https:\/\/dynidea.com\/wp-content\/uploads\/2024\/02\/mindmap-reenchantement.png","contentUrl":"https:\/\/dynidea.com\/wp-content\/uploads\/2024\/02\/mindmap-reenchantement.png","width":1567,"height":497},{"@type":"BreadcrumbList","@id":"https:\/\/dynidea.com\/index.php\/re-enchantement\/#breadcrumb","itemListElement":[{"@type":"ListItem","position":1,"name":"Accueil","item":"https:\/\/dynidea.com\/"},{"@type":"ListItem","position":2,"name":"R\u00e9-enchantement"}]},{"@type":"WebSite","@id":"https:\/\/dynidea.com\/#website","url":"https:\/\/dynidea.com\/","name":"Dynidea","description":"Une nouvelle forme de Serious Game : le Coachytraining","publisher":{"@id":"https:\/\/dynidea.com\/#organization"},"potentialAction":[{"@type":"SearchAction","target":{"@type":"EntryPoint","urlTemplate":"https:\/\/dynidea.com\/?s={search_term_string}"},"query-input":{"@type":"PropertyValueSpecification","valueRequired":true,"valueName":"search_term_string"}}],"inLanguage":"fr-FR"},{"@type":"Organization","@id":"https:\/\/dynidea.com\/#organization","name":"Dynidea","url":"https:\/\/dynidea.com\/","logo":{"@type":"ImageObject","inLanguage":"fr-FR","@id":"https:\/\/dynidea.com\/#\/schema\/logo\/image\/","url":"https:\/\/dynidea.com\/wp-content\/uploads\/2024\/02\/cropped-cropped-logo-ligne-petit.jpg","contentUrl":"https:\/\/dynidea.com\/wp-content\/uploads\/2024\/02\/cropped-cropped-logo-ligne-petit.jpg","width":300,"height":100,"caption":"Dynidea"},"image":{"@id":"https:\/\/dynidea.com\/#\/schema\/logo\/image\/"},"sameAs":["https:\/\/www.linkedin.com\/showcase\/102633502\/admin\/feed\/posts\/?feedType=following"]}]}},"_links":{"self":[{"href":"https:\/\/dynidea.com\/index.php\/wp-json\/wp\/v2\/pages\/1501","targetHints":{"allow":["GET"]}}],"collection":[{"href":"https:\/\/dynidea.com\/index.php\/wp-json\/wp\/v2\/pages"}],"about":[{"href":"https:\/\/dynidea.com\/index.php\/wp-json\/wp\/v2\/types\/page"}],"author":[{"embeddable":true,"href":"https:\/\/dynidea.com\/index.php\/wp-json\/wp\/v2\/users\/1"}],"replies":[{"embeddable":true,"href":"https:\/\/dynidea.com\/index.php\/wp-json\/wp\/v2\/comments?post=1501"}],"version-history":[{"count":24,"href":"https:\/\/dynidea.com\/index.php\/wp-json\/wp\/v2\/pages\/1501\/revisions"}],"predecessor-version":[{"id":1685,"href":"https:\/\/dynidea.com\/index.php\/wp-json\/wp\/v2\/pages\/1501\/revisions\/1685"}],"wp:attachment":[{"href":"https:\/\/dynidea.com\/index.php\/wp-json\/wp\/v2\/media?parent=1501"}],"curies":[{"name":"wp","href":"https:\/\/api.w.org\/{rel}","templated":true}]}}