{"id":1497,"date":"2024-02-12T15:09:30","date_gmt":"2024-02-12T14:09:30","guid":{"rendered":"https:\/\/dynidea.com\/?page_id=1497"},"modified":"2024-05-31T18:07:09","modified_gmt":"2024-05-31T16:07:09","slug":"creativite","status":"publish","type":"page","link":"https:\/\/dynidea.com\/index.php\/creativite\/","title":{"rendered":"Cr\u00e9ativit\u00e9"},"content":{"rendered":"\n<p class=\"has-text-align-center has-medium-font-size\">Un programme d\u2019am\u00e9lioration des&nbsp;<strong><a href=\"https:\/\/convergence-numerique.com\/creativite\/\">performances cr\u00e9atives<\/a><\/strong>&nbsp;reprenant les diff\u00e9rentes \u00e9tapes de la<strong>&nbsp;mise en condition de cr\u00e9er<\/strong>.<\/p>\n\n\n\n<p style=\"font-size:16px\">La cr\u00e9ation est un processus complexe, dont le myst\u00e8re conf\u00e8re pour certains de la magie ou du divin. L\u2019objectif n\u2019est pas ici de pr\u00e9tendre percer le secret de la cr\u00e9ation, mais de <strong>produire les meilleures conditions \u00e0 son \u00e9mergence.<\/strong><\/p>\n\n\n<div class=\"wp-block-image\">\n<figure class=\"aligncenter size-large\"><img loading=\"lazy\" decoding=\"async\" width=\"1024\" height=\"496\" src=\"https:\/\/dynidea.com\/wp-content\/uploads\/2024\/02\/plante-et-textes-1024x496.png\" alt=\"\" class=\"wp-image-1547\" srcset=\"https:\/\/dynidea.com\/wp-content\/uploads\/2024\/02\/plante-et-textes-1024x496.png 1024w, https:\/\/dynidea.com\/wp-content\/uploads\/2024\/02\/plante-et-textes-300x145.png 300w, https:\/\/dynidea.com\/wp-content\/uploads\/2024\/02\/plante-et-textes-768x372.png 768w, https:\/\/dynidea.com\/wp-content\/uploads\/2024\/02\/plante-et-textes.png 1096w\" sizes=\"auto, (max-width: 1024px) 100vw, 1024px\" \/><\/figure>\n<\/div>\n\n\n<p style=\"font-size:16px\">Tout ceci ne donne pas obligatoirement une belle plante. Certaines graines ne germent pas. La cr\u00e9ation c&rsquo;est aussi parfois l&rsquo;\u00e9chec. Une id\u00e9e comme une plante doit parfois \u00eatre soign\u00e9e, prot\u00e9g\u00e9e, taill\u00e9e&#8230; C&rsquo;est le r\u00f4le et le savoir faire du jardinier, dans notre cas un panel d&rsquo;experts.<\/p>\n\n\n\n<p style=\"font-size:16px\">DYNIDEA\u00ae est con\u00e7u comme un jeu s\u00e9rieux (Serious Game). L\u2019objectif de ce jeu est de stimuler la cr\u00e9ativit\u00e9 des participants. Par une succession de jeux de r\u00f4les, prises de conscience, d\u2019acquisitions de techniques de sensibilisation et de veille, les joueurs am\u00e9liorent leur capacit\u00e9 de cr\u00e9ation.<\/p>\n\n\n\n<p style=\"font-size:16px\">En plus de cette mise en condition de cr\u00e9er, le jeu permet de mettre en relation des cr\u00e9atifs et de g\u00e9n\u00e9rer une \u00e9mulation entre les participants. Dans ce cadre, une communaut\u00e9 virtuelle priv\u00e9e est cr\u00e9\u00e9e avec des objectifs et des ambitions int\u00e9gr\u00e9es au jeu. Chaque niveau du jeu permet d&rsquo;atteindre des nouvelles fonctionnalit\u00e9s de la communaut\u00e9 en ligne.<\/p>\n\n\n\n<p style=\"font-size:16px\">L&rsquo;objectif du jeu, n&rsquo;est pas de d\u00e9crire les \u00e9tapes classiques de la cr\u00e9ation (environnement, exploration, mat\u00e9rialisation , raffinement&#8230;) mais de mettre le joueur dans <strong>une d\u00e9marche profonde de stimulation des ses capacit\u00e9s cr\u00e9atives,<\/strong> et de s&rsquo;occuper de tout ce qui se passe AVANT la cr\u00e9ation. <\/p>\n\n\n\n<p style=\"font-size:16px\">Nous avons imagin\u00e9 quatre p\u00e9riodes d&rsquo;ouverture d&rsquo;esprit ant\u00e9-cr\u00e9ation :<\/p>\n\n\n<div class=\"wp-block-image\">\n<figure class=\"aligncenter size-medium is-resized\"><img loading=\"lazy\" decoding=\"async\" width=\"300\" height=\"220\" src=\"https:\/\/dynidea.com\/wp-content\/uploads\/2024\/02\/pyramide-dynidea-2-1-300x220.jpg\" alt=\"\" class=\"wp-image-1604\" style=\"width:430px;height:auto\" srcset=\"https:\/\/dynidea.com\/wp-content\/uploads\/2024\/02\/pyramide-dynidea-2-1-300x220.jpg 300w, https:\/\/dynidea.com\/wp-content\/uploads\/2024\/02\/pyramide-dynidea-2-1-768x562.jpg 768w, https:\/\/dynidea.com\/wp-content\/uploads\/2024\/02\/pyramide-dynidea-2-1.jpg 959w\" sizes=\"auto, (max-width: 300px) 100vw, 300px\" \/><\/figure>\n<\/div>\n\n\n<p style=\"font-size:16px\">Chacune de ces strates doit \u00eatre maitris\u00e9e avant de passer au niveau sup\u00e9rieur.<\/p>\n\n\n\n<p style=\"font-size:16px\">Le choix des niveaux et leur organisation repose sur l&rsquo;analyse suivante:<\/p>\n\n\n\n<ul class=\"wp-block-list\">\n<li style=\"font-size:16px\">Pour cr\u00e9er, il faut que tous <strong>les sens soient stimul\u00e9s<\/strong> afin que le corps entier soit en \u00e9veil. Ce premier niveau repose sur des techniques de prise de conscience, d&rsquo;activation des diff\u00e9rents sens, de m\u00e9morisation.<\/li>\n\n\n\n<li style=\"font-size:16px\">Une fois les sens en \u00e9veil, il faut pouvoir <strong>analyser les informations re\u00e7ues.<\/strong> La phase d&rsquo;implication va solliciter les capacit\u00e9s de recherche, d&rsquo;\u00e9changes, de tri de l&rsquo;information. Cette phase impose la ma\u00eetrise de la reformulation.<\/li>\n\n\n\n<li style=\"font-size:16px\">S&rsquo;\u00e9lever ou<strong> prendre de la hauteur n\u00e9cessite la compr\u00e9hension des mod\u00e8les existants<\/strong>, pr\u00e9c\u00e9dents. Par la copie, l&rsquo;analyse du travail de ma\u00eetres incontest\u00e9s, la confrontation avec d&rsquo;autres visions, d&rsquo;autres avis, un r\u00e9f\u00e9rentiel fiable peut \u00eatre conceptualis\u00e9. La vision peut se construire.<\/li>\n\n\n\n<li style=\"font-size:16px\">Une fois la vision acquise, il est plus facile de se <strong>fixer un cap<\/strong>, et de s&rsquo;assurer du chemin et des moyens n\u00e9cessaires pour l&rsquo;atteindre.<\/li>\n\n\n\n<li style=\"font-size:16px\">La derni\u00e8re phase, celle qui permet de se projeter dans la cr\u00e9ativit\u00e9, est en fait un \u00e9tat permanent, elle est semblable \u00e0 une philosophie. C&rsquo;est un mode de vie appliquant au quotidien l&rsquo;ensemble des phases pr\u00e9c\u00e9dentes.<\/li>\n<\/ul>\n\n\n\n<p style=\"font-size:16px\"><strong>Exemple Phase 1 \u00ab\u00a0stimulation\u00a0\u00bb :<\/strong> <em>Le joueur va recevoir chaque jour des missions simples et ludique \u00e0 accomplir dans sa vie quotidienne, stimulant chacun de ses sens (exemple \u00ab\u00a0cherchez la salamandre&#8230;\u00a0\u00bb). La r\u00e9ussite de ces missions lui font cumuler des points qui lui permettent de passer au stade sup\u00e9rieur<\/em>&#8230;<\/p>\n\n\n\n<p style=\"font-size:16px\">En suivant ces diff\u00e9rentes \u00e9tapes de mise en condition de cr\u00e9er, les individus peuvent progressivement <strong>renforcer leur capacit\u00e9 \u00e0 g\u00e9n\u00e9rer des id\u00e9es originales<\/strong> et \u00e0 les concr\u00e9tiser de mani\u00e8re efficace. L&rsquo;am\u00e9lioration continue des performances cr\u00e9atives est donc un processus dynamique qui demande engagement, pers\u00e9v\u00e9rance et une volont\u00e9 constante d&rsquo;apprendre et d&rsquo;\u00e9voluer. En s&rsquo;engageant dans cette d\u00e9marche et en restant ouvert aux ajustements et aux nouvelles d\u00e9couvertes, les cr\u00e9atifs peuvent non seulement affiner leur processus de cr\u00e9ation, mais aussi explorer de nouveaux horizons et d\u00e9couvrir de nouvelles facettes de leur talent cr\u00e9atif.<\/p>\n\n\n\n<p class=\"has-text-align-center has-medium-font-size\"><a href=\"https:\/\/dynidea.com\/index.php\/contact\/\"><strong>N\u2019h\u00e9sitez pas \u00e0 nous contacter pour en savoir plus sur<\/strong><br><strong>nos m\u00e9thodes de formation innovantes et personnalis\u00e9es<\/strong><\/a><\/p>\n\n\n<div class=\"wpforms-container wpforms-container-full wpforms-block wpforms-block-f72f9cac-9715-44f4-9064-fd466e935d1e wpforms-render-modern\" id=\"wpforms-1431\"><form id=\"wpforms-form-1431\" class=\"wpforms-validate wpforms-form\" data-formid=\"1431\" method=\"post\" enctype=\"multipart\/form-data\" action=\"\/index.php\/wp-json\/wp\/v2\/pages\/1497\" data-token=\"1da0dabc2f130e5a8f93a7db9b88059d\" data-token-time=\"1776424955\"><noscript class=\"wpforms-error-noscript\">Veuillez activer JavaScript dans votre navigateur pour remplir ce formulaire.<\/noscript><div id=\"wpforms-error-noscript\" style=\"display: none;\">Veuillez activer JavaScript dans votre navigateur pour remplir ce formulaire.<\/div><div class=\"wpforms-field-container\"><div id=\"wpforms-1431-field_0-container\" class=\"wpforms-field wpforms-field-name\" data-field-id=\"0\"><fieldset><legend class=\"wpforms-field-label\">Nom <span class=\"wpforms-required-label\" aria-hidden=\"true\">*<\/span><\/legend><div class=\"wpforms-field-row wpforms-field-medium\"><div class=\"wpforms-field-row-block wpforms-first wpforms-one-half\"><input type=\"text\" id=\"wpforms-1431-field_0\" class=\"wpforms-field-name-first wpforms-field-required\" name=\"wpforms[fields][0][first]\" aria-errormessage=\"wpforms-1431-field_0-error\" required><label for=\"wpforms-1431-field_0\" class=\"wpforms-field-sublabel after\">Pr\u00e9nom<\/label><\/div><div class=\"wpforms-field-row-block wpforms-one-half\"><input type=\"text\" id=\"wpforms-1431-field_0-last\" class=\"wpforms-field-name-last wpforms-field-required\" name=\"wpforms[fields][0][last]\" aria-errormessage=\"wpforms-1431-field_0-last-error\" required><label for=\"wpforms-1431-field_0-last\" class=\"wpforms-field-sublabel after\">Nom<\/label><\/div><\/div><\/fieldset><\/div><div id=\"wpforms-1431-field_1-container\" class=\"wpforms-field wpforms-field-email\" data-field-id=\"1\"><label class=\"wpforms-field-label\" for=\"wpforms-1431-field_1\">E-mail <span class=\"wpforms-required-label\" aria-hidden=\"true\">*<\/span><\/label><input type=\"email\" id=\"wpforms-1431-field_1\" class=\"wpforms-field-medium wpforms-field-required\" name=\"wpforms[fields][1]\" spellcheck=\"false\" aria-errormessage=\"wpforms-1431-field_1-error\" required><\/div>\t\t<div id=\"wpforms-1431-field_3-container\"\n\t\t\tclass=\"wpforms-field wpforms-field-text\"\n\t\t\tdata-field-type=\"text\"\n\t\t\tdata-field-id=\"3\"\n\t\t\t>\n\t\t\t<label class=\"wpforms-field-label\" for=\"wpforms-1431-field_3\" >Message E-mail Nom<\/label>\n\t\t\t<input type=\"text\" id=\"wpforms-1431-field_3\" class=\"wpforms-field-medium\" name=\"wpforms[fields][3]\" >\n\t\t<\/div>\n\t\t<div id=\"wpforms-1431-field_2-container\" class=\"wpforms-field wpforms-field-textarea\" data-field-id=\"2\"><label class=\"wpforms-field-label\" for=\"wpforms-1431-field_2\">Message<\/label><textarea id=\"wpforms-1431-field_2\" class=\"wpforms-field-medium\" name=\"wpforms[fields][2]\" aria-errormessage=\"wpforms-1431-field_2-error\" ><\/textarea><\/div><script>\n\t\t\t\t( function() {\n\t\t\t\t\tconst style = document.createElement( 'style' );\n\t\t\t\t\tstyle.appendChild( document.createTextNode( '#wpforms-1431-field_3-container { position: absolute !important; overflow: hidden !important; display: inline !important; height: 1px !important; width: 1px !important; z-index: -1000 !important; padding: 0 !important; } #wpforms-1431-field_3-container input { visibility: hidden; } #wpforms-conversational-form-page #wpforms-1431-field_3-container label { counter-increment: none; }' ) );\n\t\t\t\t\tdocument.head.appendChild( style );\n\t\t\t\t\tdocument.currentScript?.remove();\n\t\t\t\t} )();\n\t\t\t<\/script><\/div><!-- .wpforms-field-container --><div class=\"wpforms-recaptcha-container wpforms-is-recaptcha wpforms-is-recaptcha-type-v2\" ><div class=\"g-recaptcha\" data-sitekey=\"6LelY9wpAAAAAPgU7U4MI3gSGkdab4_ZPZe4WvlG\"><\/div><input type=\"text\" name=\"g-recaptcha-hidden\" class=\"wpforms-recaptcha-hidden\" style=\"position:absolute!important;clip:rect(0,0,0,0)!important;height:1px!important;width:1px!important;border:0!important;overflow:hidden!important;padding:0!important;margin:0!important;\" data-rule-recaptcha=\"1\"><\/div><div class=\"wpforms-submit-container\" ><input type=\"hidden\" name=\"wpforms[id]\" value=\"1431\"><input type=\"hidden\" name=\"page_title\" value=\"\"><input type=\"hidden\" name=\"page_url\" value=\"https:\/\/dynidea.com\/index.php\/wp-json\/wp\/v2\/pages\/1497\"><input type=\"hidden\" name=\"url_referer\" value=\"\"><button type=\"submit\" name=\"wpforms[submit]\" id=\"wpforms-submit-1431\" class=\"wpforms-submit\" aria-live=\"assertive\" value=\"wpforms-submit\">Envoyer<\/button><\/div><\/form><\/div>  <!-- .wpforms-container -->","protected":false},"excerpt":{"rendered":"<p>Un programme d\u2019am\u00e9lioration des&nbsp;performances cr\u00e9atives&nbsp;reprenant les diff\u00e9rentes \u00e9tapes de la&nbsp;mise en condition de cr\u00e9er. La cr\u00e9ation est un processus complexe, dont le myst\u00e8re conf\u00e8re pour certains de la magie ou &#8230;<\/p>\n","protected":false},"author":1,"featured_media":0,"parent":0,"menu_order":0,"comment_status":"closed","ping_status":"closed","template":"template-fullwidth.php","meta":{"footnotes":""},"class_list":["post-1497","page","type-page","status-publish","hentry"],"yoast_head":"<!-- This site is optimized with the Yoast SEO plugin v27.4 - https:\/\/yoast.com\/product\/yoast-seo-wordpress\/ -->\n<title>Cr\u00e9ativit\u00e9 - Dynidea<\/title>\n<meta name=\"robots\" content=\"index, follow, max-snippet:-1, max-image-preview:large, max-video-preview:-1\" \/>\n<link rel=\"canonical\" href=\"https:\/\/dynidea.com\/index.php\/creativite\/\" \/>\n<meta property=\"og:locale\" content=\"fr_FR\" \/>\n<meta property=\"og:type\" content=\"article\" \/>\n<meta property=\"og:title\" content=\"Cr\u00e9ativit\u00e9 - Dynidea\" \/>\n<meta property=\"og:description\" content=\"Un programme d\u2019am\u00e9lioration des&nbsp;performances cr\u00e9atives&nbsp;reprenant les diff\u00e9rentes \u00e9tapes de la&nbsp;mise en condition de cr\u00e9er. La cr\u00e9ation est un processus complexe, dont le myst\u00e8re conf\u00e8re pour certains de la magie ou ...\" \/>\n<meta property=\"og:url\" content=\"https:\/\/dynidea.com\/index.php\/creativite\/\" \/>\n<meta property=\"og:site_name\" content=\"Dynidea\" \/>\n<meta property=\"article:modified_time\" content=\"2024-05-31T16:07:09+00:00\" \/>\n<meta property=\"og:image\" content=\"https:\/\/dynidea.com\/wp-content\/uploads\/2024\/02\/plante-et-textes-1024x496.png\" \/>\n<meta name=\"twitter:card\" content=\"summary_large_image\" \/>\n<meta name=\"twitter:label1\" content=\"Dur\u00e9e de lecture estim\u00e9e\" \/>\n\t<meta name=\"twitter:data1\" content=\"4 minutes\" \/>\n<script type=\"application\/ld+json\" class=\"yoast-schema-graph\">{\"@context\":\"https:\\\/\\\/schema.org\",\"@graph\":[{\"@type\":\"WebPage\",\"@id\":\"https:\\\/\\\/dynidea.com\\\/index.php\\\/creativite\\\/\",\"url\":\"https:\\\/\\\/dynidea.com\\\/index.php\\\/creativite\\\/\",\"name\":\"Cr\u00e9ativit\u00e9 - Dynidea\",\"isPartOf\":{\"@id\":\"https:\\\/\\\/dynidea.com\\\/#website\"},\"primaryImageOfPage\":{\"@id\":\"https:\\\/\\\/dynidea.com\\\/index.php\\\/creativite\\\/#primaryimage\"},\"image\":{\"@id\":\"https:\\\/\\\/dynidea.com\\\/index.php\\\/creativite\\\/#primaryimage\"},\"thumbnailUrl\":\"https:\\\/\\\/dynidea.com\\\/wp-content\\\/uploads\\\/2024\\\/02\\\/plante-et-textes-1024x496.png\",\"datePublished\":\"2024-02-12T14:09:30+00:00\",\"dateModified\":\"2024-05-31T16:07:09+00:00\",\"breadcrumb\":{\"@id\":\"https:\\\/\\\/dynidea.com\\\/index.php\\\/creativite\\\/#breadcrumb\"},\"inLanguage\":\"fr-FR\",\"potentialAction\":[{\"@type\":\"ReadAction\",\"target\":[\"https:\\\/\\\/dynidea.com\\\/index.php\\\/creativite\\\/\"]}]},{\"@type\":\"ImageObject\",\"inLanguage\":\"fr-FR\",\"@id\":\"https:\\\/\\\/dynidea.com\\\/index.php\\\/creativite\\\/#primaryimage\",\"url\":\"https:\\\/\\\/dynidea.com\\\/wp-content\\\/uploads\\\/2024\\\/02\\\/plante-et-textes.png\",\"contentUrl\":\"https:\\\/\\\/dynidea.com\\\/wp-content\\\/uploads\\\/2024\\\/02\\\/plante-et-textes.png\",\"width\":1096,\"height\":531},{\"@type\":\"BreadcrumbList\",\"@id\":\"https:\\\/\\\/dynidea.com\\\/index.php\\\/creativite\\\/#breadcrumb\",\"itemListElement\":[{\"@type\":\"ListItem\",\"position\":1,\"name\":\"Accueil\",\"item\":\"https:\\\/\\\/dynidea.com\\\/\"},{\"@type\":\"ListItem\",\"position\":2,\"name\":\"Cr\u00e9ativit\u00e9\"}]},{\"@type\":\"WebSite\",\"@id\":\"https:\\\/\\\/dynidea.com\\\/#website\",\"url\":\"https:\\\/\\\/dynidea.com\\\/\",\"name\":\"Dynidea\",\"description\":\"Une nouvelle forme de Serious Game : le Coachytraining\",\"publisher\":{\"@id\":\"https:\\\/\\\/dynidea.com\\\/#organization\"},\"potentialAction\":[{\"@type\":\"SearchAction\",\"target\":{\"@type\":\"EntryPoint\",\"urlTemplate\":\"https:\\\/\\\/dynidea.com\\\/?s={search_term_string}\"},\"query-input\":{\"@type\":\"PropertyValueSpecification\",\"valueRequired\":true,\"valueName\":\"search_term_string\"}}],\"inLanguage\":\"fr-FR\"},{\"@type\":\"Organization\",\"@id\":\"https:\\\/\\\/dynidea.com\\\/#organization\",\"name\":\"Dynidea\",\"url\":\"https:\\\/\\\/dynidea.com\\\/\",\"logo\":{\"@type\":\"ImageObject\",\"inLanguage\":\"fr-FR\",\"@id\":\"https:\\\/\\\/dynidea.com\\\/#\\\/schema\\\/logo\\\/image\\\/\",\"url\":\"https:\\\/\\\/dynidea.com\\\/wp-content\\\/uploads\\\/2024\\\/02\\\/cropped-cropped-logo-ligne-petit.jpg\",\"contentUrl\":\"https:\\\/\\\/dynidea.com\\\/wp-content\\\/uploads\\\/2024\\\/02\\\/cropped-cropped-logo-ligne-petit.jpg\",\"width\":300,\"height\":100,\"caption\":\"Dynidea\"},\"image\":{\"@id\":\"https:\\\/\\\/dynidea.com\\\/#\\\/schema\\\/logo\\\/image\\\/\"},\"sameAs\":[\"https:\\\/\\\/www.linkedin.com\\\/showcase\\\/102633502\\\/admin\\\/feed\\\/posts\\\/?feedType=following\"]}]}<\/script>\n<!-- \/ Yoast SEO plugin. -->","yoast_head_json":{"title":"Cr\u00e9ativit\u00e9 - Dynidea","robots":{"index":"index","follow":"follow","max-snippet":"max-snippet:-1","max-image-preview":"max-image-preview:large","max-video-preview":"max-video-preview:-1"},"canonical":"https:\/\/dynidea.com\/index.php\/creativite\/","og_locale":"fr_FR","og_type":"article","og_title":"Cr\u00e9ativit\u00e9 - Dynidea","og_description":"Un programme d\u2019am\u00e9lioration des&nbsp;performances cr\u00e9atives&nbsp;reprenant les diff\u00e9rentes \u00e9tapes de la&nbsp;mise en condition de cr\u00e9er. La cr\u00e9ation est un processus complexe, dont le myst\u00e8re conf\u00e8re pour certains de la magie ou ...","og_url":"https:\/\/dynidea.com\/index.php\/creativite\/","og_site_name":"Dynidea","article_modified_time":"2024-05-31T16:07:09+00:00","og_image":[{"url":"https:\/\/dynidea.com\/wp-content\/uploads\/2024\/02\/plante-et-textes-1024x496.png","type":"","width":"","height":""}],"twitter_card":"summary_large_image","twitter_misc":{"Dur\u00e9e de lecture estim\u00e9e":"4 minutes"},"schema":{"@context":"https:\/\/schema.org","@graph":[{"@type":"WebPage","@id":"https:\/\/dynidea.com\/index.php\/creativite\/","url":"https:\/\/dynidea.com\/index.php\/creativite\/","name":"Cr\u00e9ativit\u00e9 - Dynidea","isPartOf":{"@id":"https:\/\/dynidea.com\/#website"},"primaryImageOfPage":{"@id":"https:\/\/dynidea.com\/index.php\/creativite\/#primaryimage"},"image":{"@id":"https:\/\/dynidea.com\/index.php\/creativite\/#primaryimage"},"thumbnailUrl":"https:\/\/dynidea.com\/wp-content\/uploads\/2024\/02\/plante-et-textes-1024x496.png","datePublished":"2024-02-12T14:09:30+00:00","dateModified":"2024-05-31T16:07:09+00:00","breadcrumb":{"@id":"https:\/\/dynidea.com\/index.php\/creativite\/#breadcrumb"},"inLanguage":"fr-FR","potentialAction":[{"@type":"ReadAction","target":["https:\/\/dynidea.com\/index.php\/creativite\/"]}]},{"@type":"ImageObject","inLanguage":"fr-FR","@id":"https:\/\/dynidea.com\/index.php\/creativite\/#primaryimage","url":"https:\/\/dynidea.com\/wp-content\/uploads\/2024\/02\/plante-et-textes.png","contentUrl":"https:\/\/dynidea.com\/wp-content\/uploads\/2024\/02\/plante-et-textes.png","width":1096,"height":531},{"@type":"BreadcrumbList","@id":"https:\/\/dynidea.com\/index.php\/creativite\/#breadcrumb","itemListElement":[{"@type":"ListItem","position":1,"name":"Accueil","item":"https:\/\/dynidea.com\/"},{"@type":"ListItem","position":2,"name":"Cr\u00e9ativit\u00e9"}]},{"@type":"WebSite","@id":"https:\/\/dynidea.com\/#website","url":"https:\/\/dynidea.com\/","name":"Dynidea","description":"Une nouvelle forme de Serious Game : le Coachytraining","publisher":{"@id":"https:\/\/dynidea.com\/#organization"},"potentialAction":[{"@type":"SearchAction","target":{"@type":"EntryPoint","urlTemplate":"https:\/\/dynidea.com\/?s={search_term_string}"},"query-input":{"@type":"PropertyValueSpecification","valueRequired":true,"valueName":"search_term_string"}}],"inLanguage":"fr-FR"},{"@type":"Organization","@id":"https:\/\/dynidea.com\/#organization","name":"Dynidea","url":"https:\/\/dynidea.com\/","logo":{"@type":"ImageObject","inLanguage":"fr-FR","@id":"https:\/\/dynidea.com\/#\/schema\/logo\/image\/","url":"https:\/\/dynidea.com\/wp-content\/uploads\/2024\/02\/cropped-cropped-logo-ligne-petit.jpg","contentUrl":"https:\/\/dynidea.com\/wp-content\/uploads\/2024\/02\/cropped-cropped-logo-ligne-petit.jpg","width":300,"height":100,"caption":"Dynidea"},"image":{"@id":"https:\/\/dynidea.com\/#\/schema\/logo\/image\/"},"sameAs":["https:\/\/www.linkedin.com\/showcase\/102633502\/admin\/feed\/posts\/?feedType=following"]}]}},"_links":{"self":[{"href":"https:\/\/dynidea.com\/index.php\/wp-json\/wp\/v2\/pages\/1497","targetHints":{"allow":["GET"]}}],"collection":[{"href":"https:\/\/dynidea.com\/index.php\/wp-json\/wp\/v2\/pages"}],"about":[{"href":"https:\/\/dynidea.com\/index.php\/wp-json\/wp\/v2\/types\/page"}],"author":[{"embeddable":true,"href":"https:\/\/dynidea.com\/index.php\/wp-json\/wp\/v2\/users\/1"}],"replies":[{"embeddable":true,"href":"https:\/\/dynidea.com\/index.php\/wp-json\/wp\/v2\/comments?post=1497"}],"version-history":[{"count":13,"href":"https:\/\/dynidea.com\/index.php\/wp-json\/wp\/v2\/pages\/1497\/revisions"}],"predecessor-version":[{"id":1688,"href":"https:\/\/dynidea.com\/index.php\/wp-json\/wp\/v2\/pages\/1497\/revisions\/1688"}],"wp:attachment":[{"href":"https:\/\/dynidea.com\/index.php\/wp-json\/wp\/v2\/media?parent=1497"}],"curies":[{"name":"wp","href":"https:\/\/api.w.org\/{rel}","templated":true}]}}